3. Let c be l(4). Suppose 3*s - 6*s = 261. Let q = -33 - s. Calculate the greatest common divisor of q and c.
27
Let a be (-2 + (-9)/(-2))*(-12)/3. Let o be 68/(-10)*a/4. What is the greatest common divisor of 17 and o?
17
Let v = 324 - 288. What is the highest common factor of 9 and v?
9
Suppose -2*d + y + 8 + 0 = 0, 3*d - 3 = -3*y. Suppose -d*f + 41 = 2*s, 5*f - 2*s - s = 81. Calculate the highest common factor of 10 and f.
5
Suppose o - n = 599, 2*o = -4*n - n + 1170. Calculate the greatest common divisor of o and 105.
35
Let g be (-6 + 2 - -2) + 2. Suppose -t = -g*t - 9. Let v = t - -30. Calculate the greatest common divisor of 26 and v.
13
Suppose -2*m = 2*b + 72, -3*b - 2*m - 144 = b. Let c = 53 + b. Let a = c + -6. What is the greatest common divisor of a and 44?
11
Suppose -d + 3 = -8. Let h(f) = -f**2 + 9*f - 11. Let x be h(7). Suppose 66 = x*a - a. What is the highest common divisor of d and a?
11
Let y = -786 + 534. Let z = y + 497. What is the highest common factor of 35 and z?
35
Let t(l) = -12*l - 12. Let k be t(-4). Calculate the greatest common factor of 252 and k.
36
Let h = 33 - 27. Let v be 27/h*2/3. Suppose 4*o + 4*g = 868, v*o - 4*g - 452 = o. What is the highest common divisor of 20 and o?
20
Let i be (1008/20)/((-1)/(-5)). Let o = -59 + 95. Calculate the greatest common divisor of i and o.
36
Let t(q) = 2*q**3 + 54*q**2 + 54*q + 64. Let n be t(-26). What is the highest common divisor of 288 and n?
12
Suppose 12*a - 17 = 127. Let k(c) = -c**3 - 3*c**2 - 2*c. Let m be k(-3). Calculate the highest common factor of a and m.
6
Suppose 3*u - u + 2*y - 2 = 0, 0 = 3*u - 2*y - 18. What is the highest common factor of 76 and u?
4
Suppose l = -16*q + 11*q + 1473, 585 = 2*q - l. Calculate the greatest common divisor of q and 6.
6
Let k = -45 - -49. Suppose 4 + 5 = 3*m. Suppose 4*r + 68 = -3*u + 5*u, 112 = m*u + k*r. What is the highest common factor of 12 and u?
12
Let p be -5*4/(-6)*(-918)/(-68). Calculate the greatest common factor of 120 and p.
15
Suppose 4*w - 2*r - 54 = 0, 0 = -3*r + 13 + 2. Let i = 28 + w. Calculate the highest common divisor of 11 and i.
11
Suppose 4*q - 16*a = -18*a + 110, -2*a - 35 = -q. Calculate the greatest common divisor of q and 696.
29
Suppose 7*b - 9*b + 450 = 0. What is the highest common divisor of b and 15?
15
Let q(r) = 17*r - 171. Let i be q(11). What is the highest common factor of 152 and i?
8
Let c be 72/135*-21*-10. Calculate the highest common divisor of c and 64.
16
Let q = 41 + -27. Suppose 4*h - 4*k = 152, 0 = -5*k + 12 + 8. Let o = 14 + h. What is the highest common divisor of q and o?
14
Let s(t) = t**2 + 1. Let w be s(-1). Suppose -w*b + 499 = -737. Suppose 1878 - b = 9*y. What is the greatest common divisor of 28 and y?
28
Suppose 10*j - 648 = j. What is the greatest common factor of j and 90?
18
Let w be (-2694)/(3 + -5) + 10. What is the greatest common divisor of 59 and w?
59
Let g = 24 + -22. Let n(o) = 6 + 4*o**2 + 3*o**2 - o**3 + g. Let w be n(6). What is the highest common factor of 66 and w?
22
Suppose 3*k + 13*g - 63 = 12*g, 4*k = g + 84. Calculate the greatest common divisor of k and 483.
21
Let k = 21 - 18. Suppose -t + 5*t - 358 = -k*w, 0 = 4*w - 4*t - 440. Let l = w + -34. What is the greatest common divisor of l and 120?
40
Suppose -40*c - 4*s = -38*c - 2088, -s + 4148 = 4*c. What is the highest common divisor of c and 56?
28
Let i(c) = c + 5. Let q be i(4). Suppose -3*u - 5*d - 6 = 1, 2*u - 5*d - 37 = 0. Calculate the highest common factor of u and q.
3
Suppose 23*h - 19*h - 85 = -5*u, -2*u + 85 = 5*h. What is the greatest common factor of h and 2445?
15
Let l(h) = -h**2 + 10*h + 74. Let s be l(12). Let r(c) = c**2 - 3*c. Let q be r(5). Calculate the greatest common factor of q and s.
10
Let u(q) = 7*q - 37. Let w be u(6). Suppose -w*g = -0*g + 20, -g + 50 = 3*z. Let x = -16 - -25. Calculate the highest common divisor of x and z.
9
Let n = 11 + -4. Suppose -25*q + 1756 = 356. What is the greatest common factor of q and n?
7
Let c be (1 + -6)*(-4)/4. Let s(x) = -5 - x**2 + 2 + 8*x + 5 + 5. Let z be s(c). Calculate the greatest common factor of z and 242.
22
Let j be 4/(-10) + (-4)/(-10). Suppose -2*i + j*i = -18. Let g(t) = t**2 + 25*t + 60. Let c be g(-24). What is the greatest common divisor of i and c?
9
Let d = -29 - -31. Suppose d*m = m + 10. Suppose 2*z = m, 5*l - 105 = -4*z + z. Calculate the highest common factor of 27 and l.
9
Let l = -97 + 426. Suppose l + 463 = 8*v. Suppose 2*u + 2 = 4*i, -5*u + 50 = -0*u + i. Calculate the greatest common divisor of v and u.
9
Let x = -1838 + 2396. Calculate the highest common factor of x and 72.
18
Let z(a) = -7*a - 40. Let k be z(-11). What is the greatest common divisor of 333 and k?
37
Suppose 35 = 4*h - 3*x + 6*x, 0 = -5*h + 4*x + 67. Suppose -h*u = -u - 40. Calculate the greatest common factor of 36 and u.
4
Let j be ((-2)/5)/((-2)/10). Let y be ((-22)/(-3))/((-58)/87). Let t(v) = v**2 + 8*v - 31. Let g be t(y). Calculate the highest common divisor of j and g.
2
Let m(t) = 2*t - 8. Let k be m(0). Let d be ((-15)/2)/((-4)/k). Let p = 3 - d. Calculate the highest common divisor of p and 2.
2
Let w(q) = 3*q + 31. Let p be w(-12). Let v be (-8 - p)/((-6)/86). What is the greatest common divisor of 129 and v?
43
Let s = -16 + 64. Suppose 3*x - s = -2*w - w, 2*x - 60 = 5*w. Calculate the highest common divisor of x and 80.
20
Suppose 0 = -8*m + 795 + 101. What is the highest common divisor of m and 56?
56
Suppose 35*t = 31*t - 12, -3*i = 5*t - 174. Calculate the highest common factor of 693 and i.
63
Let z(a) = 2*a - 62. Let v be z(31). Suppose -5*b = 4*w - 196, -b - 3*w + 33 + 4 = v. What is the highest common factor of b and 50?
10
Let y be 3/60*-2 - 5525/(-250). Calculate the greatest common factor of y and 451.
11
Let k(o) be the second derivative of -2*o**3/3 - o**2 - 6*o. Let h be k(-1). Let c be -1 + 14 + h - -1. What is the highest common factor of 40 and c?
8
Let t be 0/((-6)/(-2) + -2). Suppose t = 3*w - 4*w - 690. Let d = -481 - w. Calculate the greatest common divisor of d and 19.
19
Suppose -j - 15 = -50. Calculate the greatest common divisor of j and 7.
7
Suppose 0 = -40*c + 46*c - 30. Let t(x) = 11*x + 3. Let u be t(2). Calculate the highest common factor of u and c.
5
Let a(n) = n**3 - 7*n**2 + 5*n + 21. Let o be a(6). Let c = 4 - -1. Suppose -2*q = -c*q + 18. Calculate the highest common divisor of o and q.
3
Let o = 114 + -95. What is the greatest common factor of o and 152?
19
Let n(m) = -99*m - 1. Let v be n(-1). Suppose -76*s - 42 = -79*s. Calculate the highest common divisor of s and v.
14
Let a(t) = -t**3 + 5*t**2 + 8*t + 4. Let d be a(6). Let m = -11 + d. Suppose m*i = 6*i - 1. What is the greatest common divisor of i and 7?
1
Suppose -2*t + 40 = -0*t. Let l be (-518)/(-74) + -1*1*2. Calculate the greatest common factor of l and t.
5
Suppose t - 17 = -4*a, a + 3*t = 3*a - 5. Let q = a - 1. Suppose -5*y - 3 + 8 = 0. Calculate the greatest common divisor of y and q.
1
Suppose -4*j = -16, 0 = k - 4*k - 2*j + 35. Suppose -45 = -4*l + k*l. Let t be (252/l)/(1/(-3)). What is the highest common divisor of t and 21?
21
Let v(d) = d**2 - 14*d + 50. Let g be v(5). What is the highest common factor of g and 65?
5
Let d(o) = -9*o + 11. Let y be d(-3). Let q = 133 - 76. What is the highest common divisor of y and q?
19
Suppose -4*c = -d, 0*d = 4*c + 3*d. Suppose 2*t + 3*q = 12, t + c + 1 = 2*q. Suppose 0 = x - 0 - t. Calculate the greatest common factor of x and 21.
3
Let z = 101 + -91. Let o(t) be the second derivative of t**4/12 - t**3 - 5*t**2 - t. Let c be o(z). What is the highest common divisor of 30 and c?
30
Suppose 3*m + 30 = -2*m. Let r be ((-124)/m)/((-24)/(-36)). Let t = 47 + r. Calculate the greatest common factor of t and 52.
26
Let r(o) = -o + 13. Let b be r(7). Let g be ((-132)/11)/((20/b)/(-5)). What is the greatest common factor of 2 and g?
2
Let m(v) = -9*v + 342. Let c be m(-15). What is the highest common divisor of c and 106?
53
Suppose -4*x - 3*c + 6 + 65 = 0, 0 = -5*x + 4*c + 50. Let m be 2/(-8) + 207/92. Calculate the highest common divisor of m and x.
2
Suppose -3*a = -5*f + 66, 0 = -2*a + 5 + 1. Let w be (4/6)/((-15)/45). Let l = w + f. What is the highest common divisor of l and 14